{"id":1413,"date":"2021-01-11T10:03:10","date_gmt":"2021-01-11T09:03:10","guid":{"rendered":"http:\/\/www.azerty.legal\/?page_id=1413"},"modified":"2021-06-02T15:14:25","modified_gmt":"2021-06-02T13:14:25","slug":"mentions-legales","status":"publish","type":"page","link":"https:\/\/www.azerty.legal\/index.php\/mentions-legales\/","title":{"rendered":"Mentions l\u00e9gales"},"content":{"rendered":"<p>[vc_row][vc_column][vc_column_text]<\/p>\n<h3 style=\"text-align: center;\"><\/h3>\n<p>Conform\u00e9ment aux disposition de la loi n\u00b0 2004-575 du 21 juin 2004 pour la confiance en l\u2019\u00e9conomie num\u00e9rique, le Visiteur peut prendre connaissance de l&rsquo;identit\u00e9 des diff\u00e9rents intervenants lors de sa connexion.<\/p>\n<p>&nbsp;<\/p>\n<p><strong>Edition du Site :<\/strong><br \/>\nLe Site www.azerty.legal est \u00e9dit\u00e9 par la soci\u00e9t\u00e9 Azerty Groupe, soci\u00e9t\u00e9 par actions simplifi\u00e9e au capital de 5 000 euros, dont le si\u00e8ge social est situ\u00e9 230 avenue de l&rsquo;Aube Rouge, 34170 CASTELNAU-LE-LEZ, immatricul\u00e9e au registre du commerce et des soci\u00e9t\u00e9s de Montpellier sous le num\u00e9ro d\u2019identification unique 894 280 700 RCS Montpellier, et dont le num\u00e9ro de TVA intracommunautaire est FR 10 894 280 700.<\/p>\n<p><strong>Responsable de la communication :<\/strong><br \/>\nLe responsable de la communication est M. Pierre MOIGNET, en sa qualit\u00e9 de Pr\u00e9sident de la SAS AZERTY GROUPE.<\/p>\n<p><strong>Nous contacter :<\/strong><br \/>\nLe responsable de la communication peut \u00eatre contact\u00e9 par courrier \u00e9lectronique \u00e0 l&rsquo;adresse suivante : contact (at) azerty.legal, ou bien par voie postale en envoyant un courrier \u00e0 l&rsquo;adresse suivante : AZERTY GROUPE, 230, avenue de l&rsquo;Aube Rouge, 34170 CASTELNAU-LE-LEZ.<\/p>\n<p><strong>H\u00e9bergeur :<\/strong><br \/>\nLe site lwww.azerty.legal est h\u00e9berg\u00e9 par la soci\u00e9t\u00e9 OVH \u00e0 l\u2019adresse suivante :<br \/>\nOVH, 2 rue Kellermann \u00e0 Roubaix Roubaix (France)<br \/>\nSAS au capital de 10 069 020 \u20ac<br \/>\nRCS de Lille M\u00e9tropole<br \/>\nSIREN 424 761 419 00045<br \/>\nTVA INTRACOM : FR 22 424 761 419[\/vc_column_text][\/vc_column][\/vc_row]<\/p>\n","protected":false},"excerpt":{"rendered":"<p>[vc_row][vc_column][vc_column_text] Conform\u00e9ment aux disposition de la loi n\u00b0 2004-575 du 21 juin 2004 pour la confiance en l\u2019\u00e9conomie num\u00e9rique, le Visiteur peut prendre connaissance de l&rsquo;identit\u00e9 des diff\u00e9rents intervenants lors de sa connexion. &nbsp; Edition du Site : Le Site [&hellip;]<\/p>\n","protected":false},"author":1,"featured_media":0,"parent":0,"menu_order":0,"comment_status":"closed","ping_status":"closed","template":"","meta":{"footnotes":""},"class_list":["post-1413","page","type-page","status-publish","hentry"],"_links":{"self":[{"href":"https:\/\/www.azerty.legal\/index.php\/wp-json\/wp\/v2\/pages\/1413","targetHints":{"allow":["GET"]}}],"collection":[{"href":"https:\/\/www.azerty.legal\/index.php\/wp-json\/wp\/v2\/pages"}],"about":[{"href":"https:\/\/www.azerty.legal\/index.php\/wp-json\/wp\/v2\/types\/page"}],"author":[{"embeddable":true,"href":"https:\/\/www.azerty.legal\/index.php\/wp-json\/wp\/v2\/users\/1"}],"replies":[{"embeddable":true,"href":"https:\/\/www.azerty.legal\/index.php\/wp-json\/wp\/v2\/comments?post=1413"}],"version-history":[{"count":14,"href":"https:\/\/www.azerty.legal\/index.php\/wp-json\/wp\/v2\/pages\/1413\/revisions"}],"predecessor-version":[{"id":3709,"href":"https:\/\/www.azerty.legal\/index.php\/wp-json\/wp\/v2\/pages\/1413\/revisions\/3709"}],"wp:attachment":[{"href":"https:\/\/www.azerty.legal\/index.php\/wp-json\/wp\/v2\/media?parent=1413"}],"curies":[{"name":"wp","href":"https:\/\/api.w.org\/{rel}","templated":true}]}}